) = -r**3 + 4 + 0 - 5*r - 2*r**2 + 6*r**2. What is g(l)?
-2
Let g = 4 - 10. Let u(q) = -q - 1. Calculate u(g).
5
Let l(m) = -m**3 - m**2. Let y(a) = a**3 + a**2. Let i(x) = -6*l(x) - 5*y(x). Determine i(-2).
-4
Let i be ((-3)/9)/((-2)/(-6)). Let o(a) = -140*a - 119. Let q(h) = -7*h - 6. Let l(p) = 6*o(p) - 119*q(p). Give l(i).
7
Let p(t) = 2 + t - 2*t**2 + t - 1 - t. Determine p(-1).
-2
Let y(z) = z**2 - 1 + 7*z - z + 3 - z. Suppose -5*w + 7 = 4*n, 1 = -2*n - 4*w + 3. Suppose -n*g = -g + 6. Determine y(g).
-4
Let i be 1/(-1 - 0) + (25 - 29). Let h(y) = -7*y**2 - 19*y - 17. Let x(k) = 11*k**2 + 29*k + 26. Let d(p) = -8*h(p) - 5*x(p). What is d(i)?
-4
Let j(i) = i**2 + 15*i + 1. Let t be j(-15). Let o(w) = -5*w + 0*w - t + 6*w. Determine o(-3).
-4
Let t(v) = -6*v - 9*v**3 + 5*v**3 + v**3 + 7*v**2 + 1. Let q(l) = -l**3 + 3*l**2 - 3*l. Let i(b) = -5*q(b) + 2*t(b). Give i(-2).
0
Let a(z) = 2 - 2*z**2 + 1 - 6*z + 3*z. Calculate a(-3).
-6
Let m(y) = y**3 + 6*y**2 - y - 3. Let x be m(-6). Let u(k) = x*k + 1 + 2*k + k**2 - 2*k. Calculate u(-4).
5
Let r(c) = -c**2 - 2*c + 1. Let u(b) be the third derivative of -b**5/60 + 5*b**4/24 + b**3/3 - b**2. Let q = -9 + 15. Let k be u(q). What is r(k)?
-7
Let z(q) = q - 9. Let j be z(5). Let p(y) = y**2 + y - 2. What is p(j)?
10
Let i(u) = 10*u - 2. Let r(d) = -11*d + 3. Let w(g) = 4*i(g) + 3*r(g). Let k(t) = 8*t + 1. Let a(v) = -4*k(v) + 3*w(v). Give a(1).
-12
Let k(a) = -3*a**3 - a**2 + a - 1. Suppose -t + 13 = -n + 3*n, 3*t + n - 14 = 0. Let l be t*-1*(-2)/6. Determine k(l).
-4
Suppose 5*c + 5 - 45 = 0. Let y(z) = 0*z + 2*z - 9*z - 1 + c*z. Determine y(1).
0
Let q(m) = 6*m + 5. Suppose 0 = 2*l - 11 + 5. Suppose -3*u + 18 = -3*p, 2*u - 6*u + 20 = -l*p. Let d(r) = -5*r - 5. Let y(k) = p*q(k) - 5*d(k). Calculate y(-4).
1
Let m(v) be the first derivative of v**5/60 + v**3/6 - v**2/2 - 3. Let w(p) be the second derivative of m(p). Calculate w(2).
5
Suppose 2*c = -c + 4*s - 23, 4*c - 3*s + 26 = 0. Let f(g) = -g - 5. Calculate f(c).
0
Let f(b) = -b**2 - 3*b + 3. Let m(w) = -w**3 - 9*w**2 + w + 6. Let y be m(-9). Give f(y).
3
Let z be ((-2)/(-5))/((-6)/(-30)). Let b(g) be the third derivative of 2/3*g**3 + 0*g + 1/24*g**4 + 0 - g**z. Determine b(3).
7
Let v(q) be the second derivative of 0 + 1/12*q**4 - 2/3*q**3 + 3*q - 2*q**2. Calculate v(4).
-4
Let k(p) = 2*p - p**3 - 2 + 4*p**2 - p + 0 + 5*p. Suppose c - 2*c + 5 = 0. What is k(c)?
3
Let j(x) be the first derivative of -3*x**2/2 - 5*x - 4. Give j(-4).
7
Suppose 0*t - 4*t = -40. Suppose -5*i = -f - t, -4*i - 4*f + 10 = i. Suppose i*a = -6, 5*a + 27 = -2*m - m. Let u(o) = 2*o - 1. Give u(m).
-9
Let w(l) = -l**3 + 7*l**2 - 3*l - 1. Suppose -2*d - 2*b = -4, 25 = -0*b - 5*b. What is w(d)?
-22
Let v = 5 + 0. Let q(s) = -2 + 1 - s + v. Calculate q(4).
0
Let q(y) = 6*y + 4*y**2 + 6 - 5*y**2 + 9*y**2 - 3*y**2 + y**3. Calculate q(-4).
-2
Let u(n) = -n**3 - 3*n**2 + 7*n. Let w(i) = -i**2 + 2*i. Let o(v) = 2*u(v) - 7*w(v). Determine o(-1).
3
Let r = -8 + 13. Let l = -3 + r. Let u(j) = 2 - 3 - j + 1. Calculate u(l).
-2
Let s(y) be the third derivative of -y**4/24 - y**3/3 - 2*y**2. Let i be s(-4). Let p(r) = i*r - 2 - 2*r + r. Give p(-2).
-4
Let i(r) be the first derivative of r**6/360 + r**5/20 - 5*r**4/24 - 4*r**3/3 - 3. Let h(b) be the third derivative of i(b). Determine h(-4).
-13
Let s(g) = g + 4 - 5 - 5*g. Let p = 1 - -1. Suppose 0*k - 2 = -p*k. Calculate s(k).
-5
Suppose 0 = 89*d - 86*d + 9. Let l(h) be the first derivative of h**3/3 + h**2 + 3*h + 1. Calculate l(d).
6
Let v(w) = 5*w + w - 7 - 4*w - w. What is v(8)?
1
Let t(a) = a**2 - 4*a + 3. Let c = -6 + 8. Give t(c).
-1
Let k(g) be the third derivative of g**6/360 - g**5/15 + 5*g**4/24 - 5*g**3/6 + g**2. Let h(j) be the first derivative of k(j). What is h(6)?
-7
Let m(x) = 3*x - 1. Suppose 2*u + 0*h - 21 = -3*h, -5*h = -4*u - 13. Suppose 0 = -4*t - 3*k + 6, -14 = -5*t + k + u. Let z = -2 + t. Calculate m(z).
2
Let g(y) = -y**2 - y + 3. Let o be g(0). Let v be -9*(1 + (-1)/3). Let u = v + o. Let w(s) = s**3 + 2*s**2 - 2*s - 1. Calculate w(u).
-4
Let j(u) = u - 2. Let i = 27 - 17. Suppose 0 = -3*z + i + 5. Give j(z).
3
Let a(m) = -1 - 7*m + 3*m - 4*m. Give a(-1).
7
Suppose 0 = -2*z + 8*b - 3*b + 11, -2*b - 5 = -z. Let q(g) = -g + 5 + z - 7. Give q(1).
0
Let f be 35/2 - 13/26. Let s = -14 + f. Let k(o) = -o**2 + o + 4. Calculate k(s).
-2
Suppose 0 = 4*i - 0*i - 12. Let v(r) = 1 - 7*r - 3 - i*r**2 + r**2 + 3*r**2. Calculate v(7).
-2
Suppose -6*o + o + 10 = 0. Let u(w) = 1 + w**3 + 2*w**o - 2*w**3 - 1. Determine u(3).
-9
Let k(s) = 34*s + 40*s + 1 - 72*s. What is k(-3)?
-5
Let g(n) = -n**3 - 2*n**2 + 2*n + 4. Let z be (2 - 1)/((-1)/(-13)). Suppose 2*y = r - 2*y - z, -5*y = 15. Suppose 2 = -k - r. Give g(k).
7
Let m(h) = h. Let d be m(0). Let i(o) = o**2 + 3. Let c be i(d). Let g(t) = -5 - t + 4 - c. Determine g(0).
-4
Let x(h) = 2*h + 0*h - h**2 + 3 + h - 6*h. What is x(-4)?
-1
Suppose 13 = -3*z + 10. Let f(v) = 9*v. What is f(z)?
-9
Let f(p) be the third derivative of -1/60*p**5 + 0*p - 1/4*p**4 + 1/6*p**3 + 0 - 2*p**2. Let x(c) = -2*c + 11. Let l be x(8). Determine f(l).
6
Let n(w) be the first derivative of 1 + 5/2*w**2 + 0*w - 1/3*w**3. Let a be 1/(3 - 24/9). Give n(a).
6
Let m(b) = b**2 + 16*b + 11. Let q be m(-15). Let h(x) = -x**3 - 5*x**2 - 6*x - 5. Give h(q).
3
Let c(n) be the third derivative of -n**5/60 + n**4/24 + n**3/3 + 14*n**2. What is c(0)?
2
Suppose 0 = -4*m - 20, 0 = -2*p - 6*m + m - 45. Let h = -6 - p. Let r(k) be the second derivative of -k**3/3 + 2*k**2 - k. Determine r(h).
-4
Let c(r) = r**2 + 7*r + 0*r**2 + r**2 + 5. Suppose 0*i = 3*i + 9. Let y be (2 + -2 - 1) + i. Determine c(y).
9
Let o(d) = 4 - 4*d - 1 - 2. Let g = -161 + 159. Give o(g).
9
Let a(z) be the third derivative of -1/720*z**6 + 1/24*z**4 + 1/24*z**5 + 0 + z**2 + 0*z + 0*z**3. Let k(i) be the second derivative of a(i). What is k(5)?
0
Let m(r) = -r. Let q(s) = 22*s + 1. Let u(y) = 4*m(y) + q(y). Determine u(1).
19
Let j(w) = -4*w**3 - 5*w**2 + 3*w. Let s(z) = z**3 - z + 1. Let l(i) = j(i) + 5*s(i). Calculate l(5).
-5
Let j(a) = -57*a - 39. Let z(k) = 3*k + 2. Let q(s) = 6*j(s) + 117*z(s). Suppose -3 = -2*r - 1. Determine q(r).
9
Let w(v) = 0 + v + 4*v**2 + 0 + v**3 + 1. Suppose -4*x + 6 = 2*d, -5*x = -5*d + 22 - 7. Let m be (3/(-5))/(d/15). Calculate w(m).
7
Let t(r) = -r**3 + 3*r**2 + 4*r - 5. Let m be (12/21)/((-7)/(-49)). Give t(m).
-5
Let j(g) be the second derivative of -g**6/720 + g**5/24 + g**4/6 - 2*g. Let n(x) be the third derivative of j(x). Give n(-5).
10
Let r(x) = -x**3 - 6*x**2 - 3*x - 9. Let z be r(-6). Let w(a) = -28 + 16 + 5*a**2 + z + a**3. Determine w(-5).
-3
Let m(t) be the third derivative of 3*t**2 + 0 - 3/2*t**3 + 0*t + 1/24*t**4. Give m(0).
-9
Let q(i) = 2*i**2 - 1. Let p(j) = 2*j**2 - 2*j - 2. Let o(a) = -p(a) + 2*q(a). Determine o(2).
12
Let d be (6/9)/(2/3). Let n be 5 - 8 - 2*-2. Let c(t) = -5 + d - 4*t + n - 2*t. Calculate c(-2).
9
Let u(l) = -l. Let f(b) = -b. Let m(z) = 10*f(z) - 4*u(z). Let o = 8 + -5. Let a be (-3 - -2)*4 + o. Give m(a).
6
Let x(t) be the first derivative of t**3/3 + 3*t**2 + 5*t + 5. Give x(-5).
0
Let r(l) = 2*l**2 + 5*l + 3. Let x(v) = v + 1. Let q be x(-1). Suppose q*d + 4*b + 5 = -3*d, 2*d = 5*b - 11. What is r(d)?
6
Let s(g) = -2*g - 1. Let i(u) be the second derivative of -u**4/12 + u**3/2 + 7*u**2/2 + 2*u. Let b be i(5). Determine s(b).
5
Let k(j) = 2*j**3 + 3 - j**3 + 3*j**2 - 6*j + 9*j. Let t = -12 - -9. What is k(t)?
-6
Let d(g) = 3 + 24*g + g**3 - 23*g - g**2 - 3*g**2. Let a(p) = -p**3 - 4*p**2 - 4*p + 1. Let f be a(-3). Suppose f*u - 12 = -0*u. What is d(u)?
-3
Let m(c) = c**2 - c - 2. Let a(v) = -12*v**2 - 3 + 4 + 11*v + 1 + v**3. Let b be a(11). Determine m(b).
0
Let k(j) = -2 + 5*j**2 + 5*j + 1 - 2*j - 6*j**2. Calculate k(4).
-5
Let d(y) = 2*y**2 - 9*y - 1 + 0*y**2 - 9*y**2. Let s(i) = -10*i**2 - 13*i - 1. Let f(t) = -7*d(t) + 5*s(t). Let q(b) = -b - 3. Let u be q(0). Calculate f(u).
-1
Let p(h) = -5*h**2 + 7*h - 3. Let w(g) = g**2 + 5*g - 4. Let d be w(-5). Let b(x) = 11*x**2 - 15*x + 6. Let o(q) = d*b(q) - 9*p(q). Determine o(3).
3
Let d(z) be the first derivative of z**6/360 + z**5/30 + z**4/8 + 4*z**3/3 - 4. Let x(l) be the third derivative of d(l). What is x(-5)